2 + 2 - 3 - 3*b + 3. Let m be j(2). Suppose -4*o + m = -2*f - 2*f, 2 = f. Does 12 divide o?
True
Suppose -3*h = -4*i - 17, 0 = -3*i + 4*h - 18. Let j(n) = -21*n - 3. Is j(i) a multiple of 13?
True
Suppose -552 = -5*v + v. Suppose v = 5*f - 7. Does 12 divide f?
False
Let a = 22 - 22. Is 82 + (6 + a - 2) a multiple of 36?
False
Suppose 5*x - 1 = -11. Does 16 divide ((-8)/(-5))/(x/(-40))?
True
Let r(q) = 2*q**2 + 2*q. Let p = -6 + 8. Let k = -5 + p. Is r(k) a multiple of 7?
False
Let w(r) = -r + 0*r**2 - r**2 + 2*r**2 + 8. Is 4 a factor of w(0)?
True
Suppose -2*y + 6 = -y. Suppose y*f - f - 90 = 0. Is f a multiple of 6?
True
Let b(h) = -h + 36. Let y = 0 + -2. Let o be (-2)/4 - 1/y. Is 16 a factor of b(o)?
False
Let t(y) = y**2 + 4*y + 2. Let i be 88/(-14) - 2/(-7). Is t(i) a multiple of 12?
False
Let j(u) = 11*u**2 - 5*u + 4. Is 2 a factor of j(2)?
True
Is (-3 - -68) + 0/(-2) a multiple of 17?
False
Let a(x) = x**3 + 8*x**2 - 12*x - 11. Let t be 0 - -2 - (-11)/(-1). Let h be a(t). Suppose b - h = -y, b + 3*y = 8 - 0. Is b a multiple of 10?
True
Is (-48)/(-4) + -4 + -4 a multiple of 2?
True
Suppose 0 = c - 2*c + 2. Let l = c - 2. Suppose -a + l*a = -7. Is a a multiple of 7?
True
Suppose 9*h - 7*h - 88 = 0. Is h a multiple of 11?
True
Suppose -10*u + 8*u = -20. Is u/(-25) + 97/5 a multiple of 5?
False
Let b(m) be the first derivative of m**3/3 + 7*m**2/2 - 11*m - 3. Is b(-9) even?
False
Let d(j) = 4*j**2 + 4*j. Let s be d(-3). Suppose 4*f - s = -2*z + 20, -2*f + 14 = -3*z. Is f a multiple of 6?
False
Let a be 2/(-4)*(-4 + 18). Let l = a + 9. Suppose 46 = -y + l*y. Does 14 divide y?
False
Let f(x) = x**2 + 7*x - 2. Let g be f(-7). Let j be 6/((-6)/g) - 0. Is 286/6 - j/(-6) a multiple of 24?
True
Is 18 a factor of (114/(-7))/((-6)/42)?
False
Suppose -6*n + 99 = -3. Is 6 a factor of n?
False
Suppose -5*o - 5 = -30. Let w = o - 3. Is 3 a factor of 3/(3/w) + 5?
False
Suppose 0 = -2*y - 3*y. Is -2 - (y + 1 - 26) a multiple of 23?
True
Suppose 0*k = 3*k + 4*n - 5, -3*k - n = -8. Let o be k*((-13)/(-3) + 2). Suppose 0 = s + 1 - o. Is s a multiple of 8?
False
Suppose -4*h + 242 = 58. Is h a multiple of 20?
False
Let i be 1/4 + 62/8. Suppose i = 4*x - 5*g, x - 6 = -2*x - 2*g. Suppose 2*o + 8 = 0, 4*o = x*y + 5*o - 44. Is y a multiple of 10?
False
Let r be (-2)/(-7) - (-38)/14. Suppose 0 = q + q + 3*p + r, q - 4*p = 26. Is q a multiple of 2?
True
Let p be (-2)/(-3) - 2/3. Let c = p - 0. Suppose -y = -c*y - 24. Does 12 divide y?
True
Let y be 6/15 + (-18)/(-5). Suppose 3*k = -4*s - 20, k + 3*s = y*s + 5. Suppose k*f - 18 = -3*f. Is 6 a factor of f?
True
Let p(i) = 14*i + 31. Is p(22) a multiple of 35?
False
Suppose 2*p + 8 = 4*p. Suppose p*r = 222 - 22. Is 25 a factor of r?
True
Let g(v) = -3 + 0*v**3 + 2 - v**2 - v**3. Let w be (2/(-4))/(3/12). Does 3 divide g(w)?
True
Suppose 42 + 42 = 2*x. Is 9 a factor of x?
False
Let r(s) = 2*s + 0*s + s**2 - 5 + 10. Does 13 divide r(-4)?
True
Let p(c) = 17*c + 30. Does 39 divide p(13)?
False
Suppose 0*n + 2*n = -8, 0 = q - 5*n + 515. Let k be (-30)/24*(-28)/1. Is 4/(-14) - q/k a multiple of 15?
True
Suppose 4*u = 2*l, -4*l = 5*u + l + 15. Let t(a) = -30*a + 1. Let m be t(u). Suppose -y - 2*c + m = 2*y, 69 = 5*y - c. Is 6 a factor of y?
False
Let g = -9 + 3. Let l be g/4 + (-7)/(-14). Is 12 a factor of 8/(l + (-3)/(-2))?
False
Let p = -4 + 8. Suppose p*z - 8 = 160. Suppose -4*s + z = -3*s. Is 14 a factor of s?
True
Let c(f) = f**3 - 4*f**2 - 5*f + 3. Let q(a) = 5*a**3. Let r be q(1). Let o be c(r). Is 3 a factor of 1 + (o/3 - -1)?
True
Suppose 0 = 4*l - l - 66. Is l - (-2)/(-4)*4 a multiple of 10?
True
Let m be 6/(-2)*9/(-27). Suppose -n + 5*n + 512 = 0. Is (n/20)/(m/(-5)) a multiple of 16?
True
Let q(u) = -u**3 + 2*u**2 - u + 2. Let z be q(2). Suppose z*o = -2*o + 108. Does 18 divide o?
True
Let w = 23 - 20. Does 2 divide (w - 2)/(2/22)?
False
Let u(m) = -m + 4. Let n be u(4). Suppose n = -w + 11 - 5. Does 6 divide w?
True
Is 0 + -3 + 106/2 a multiple of 25?
True
Is 5 a factor of ((-21)/48*-4)/((-3)/(-96))?
False
Let x(s) = s**2 + 5*s + 19. Does 43 divide x(10)?
False
Let y(s) = -8*s**2 + 4*s + 2. Let l(t) = t**2 - t. Let u(d) = -3*l(d) - y(d). Let g be 30/(-24) - 6/8. Is 10 a factor of u(g)?
True
Suppose -h = 2*p - 9, -h + 4*h + p - 12 = 0. Let u = 18 - h. Is 12 a factor of ((-14)/3)/((-2)/u)?
False
Suppose -4*n = 4*y - 12, -5*n - 14 = -2*y + 6. Suppose 0 = -3*i + y*h - 0 + 17, i + 5*h - 39 = 0. Is i a multiple of 5?
False
Let q = 70 - 55. Is 3 a factor of q?
True
Let w(k) = 12*k**2 - k - 1. Let j be w(-1). Suppose j = 2*t - 10. Suppose 2*y - t - 29 = 4*q, q - 98 = -4*y. Is y a multiple of 12?
True
Let z(d) = d**3 + d**2 - d - 9. Let c be z(0). Is 19 a factor of 114/8*(-24)/c?
True
Suppose -7*z = 5*z - 1308. Is 11 a factor of z?
False
Let n be (-104)/(-3) + (-14)/21. Let h(g) = -g**3 - 10*g**2 - 6*g + 8. Let y be h(-10). Let b = y - n. Does 17 divide b?
True
Does 30 divide (-6)/14 - 4215/(-35)?
True
Let g(j) = -j - 5. Suppose -1 + 3 = 2*a + 4*m, 2*m = 6. Let f be g(a). Suppose f = 2*k, 6*r - 25 = r + k. Is r a multiple of 3?
False
Is 19 a factor of 36 - 2*(-5 + 4)?
True
Let r(b) = -b**3 + 7*b**2 - 2*b. Let u(l) = 6*l. Let v be u(1). Is 18 a factor of r(v)?
False
Suppose 3*y = -0*y. Suppose y*t = t - 16. Is 16 a factor of t?
True
Suppose 108 = 2*g + 4*g. Is 18 a factor of g?
True
Suppose 0 = 5*t + 7 - 317. Does 16 divide t?
False
Suppose 4*b - 20 = 0, -b - 39 = -4*s + 20. Is s a multiple of 5?
False
Let q(o) = -2*o - 16. Does 3 divide q(-11)?
True
Let x = 107 + -35. Does 24 divide x?
True
Suppose 2*f - 4 = -3*c + 3, -3 = c + 2*f. Does 10 divide ((-35)/c)/(2/(-4))?
False
Let c(s) = -s**2 - 1 + 2*s - 2*s + s + 3*s. Let u be c(3). Suppose -2*r + 2*f + 10 = 0, 4*r - 55 = -u*f - f. Is 4 a factor of r?
False
Let x be 171/(-45) + 1/(-5). Let q(a) = -6*a + 1. Is q(x) a multiple of 8?
False
Let s = -78 - -114. Is 9 a factor of s?
True
Is -10*(43/(-2) + -2) a multiple of 42?
False
Suppose -x = -7 - 3. Is 2 a factor of x?
True
Suppose -6*u = -3*u + 2*b + 92, -4 = -2*b. Let a be 4 + u + (0 - -2). Let z = -18 - a. Is 4 a factor of z?
True
Let w be (-682)/55*5/(-2). Suppose a - w = -4*k, 4*a = 3*k - 11 + 2. Is k a multiple of 7?
True
Let f be ((-4)/6)/(4/(-552)). Suppose 5*v - 6*y = -y + 85, 4*y = -4*v + f. Suppose -g = 3 - v. Is 9 a factor of g?
False
Suppose 3*n - 2*n + 2*g - 53 = 0, 0 = 5*n - 5*g - 250. Suppose 3*o + 4*d - n = 0, -2*o + 4*d - 8 + 42 = 0. Is o a multiple of 17?
True
Suppose j = -3*k + 485, -3*k - 2374 = -5*j - k. Is 14 a factor of j?
True
Let j = -29 + -33. Is 16 a factor of (-1)/(-2) + j/(-4)?
True
Suppose 2*p + 3*k - 22 = 0, 0 = -p + 3*k - 2 - 5. Is p a multiple of 3?
False
Let l(z) be the third derivative of z**5/60 - z**4/8 - 7*z**3/6 + z**2. Let a be ((-12)/1)/((-12)/6). Is l(a) a multiple of 11?
True
Suppose 0*t + 20 = 5*t. Suppose 2*o + 2*o + 156 = 3*v, -v - 3*o + 52 = 0. Suppose 2*a - v = t*r, 3*a - 5*r - 38 = 2*a. Is a a multiple of 18?
True
Let v be (60/(-24))/((-2)/36). Suppose 2*g + 89 = 5*l + 4*g, 3*l + 4*g = v. Is l a multiple of 5?
False
Let u = -120 + 168. Does 12 divide u?
True
Let a be 22/4 + (-15)/10. Suppose 3*o + 5*s + 33 - 194 = 0, 4*o + a*s - 212 = 0. Is 13 a factor of o?
True
Suppose -3*h + 0 = -6. Let r be (4 - h)/(2/3). Suppose 3*i = -4*o + 73, -5*i = -r*o + 28 + 63. Is 16 a factor of o?
False
Let a(z) = 0 - 6 - 4*z**2 + 0*z + z + 2*z - 5*z**3. Let o be a(4). Is o/(-15) + 2/(-10) a multiple of 13?
False
Suppose -o = -0*o + 4*l - 15, 4*o - 2*l + 12 = 0. Let b(t) = t**3 - 6*t**2 - 7*t + 6. Let m be b(7). Let s = m + o. Is 5 a factor of s?
True
Let u = 67 - 19. Is 16 a factor of u?
True
Let s = 3 - 1. Suppose 17 = r - s*i, 2*r - 26 = -r + i. Is r a multiple of 7?
True
Suppose t + 6 = -y + 2*y, 22 = -3*y - 5*t. Is (-15)/10*(y + -3) a multiple of 3?
True
Let c be -2 + -2 - 0 - -13. Let y(s) = -s**2 + 13*s - 20. Is y(c) a multiple of 8?
True
Suppose 5*r - 91 = 9. Is r/(-3)*(-108)/30 a multiple of 11?
False
Let s be 0 - (-12 - (-1 + 2)). Suppose -8*f + 2*f + 6 = 0. Let m = s + f. Is 7 a factor of m?
True
Suppose -46 = -3*h - 7. Is h a multiple of 13?
True
Let y(g) be the first derivative of g**3 - g**2/2 + 2*g + 1. Is 18 a factor of y(-4)?
True
Let l(g) = 32*g - 1. Let o be 2/(0 + -1 - -3). 